divided by 78.
11
What is the remainder when 42722 is divided by 89?
2
Calculate the remainder when 5298637 is divided by 494.
487
What is the remainder when 2554 is divided by 96?
58
What is the remainder when 227419 is divided by 618?
613
What is the remainder when 38823 is divided by 172?
123
What is the remainder when 93358 is divided by 6?
4
Calculate the remainder when 39174 is divided by 4894.
22
Calculate the remainder when 11099 is divided by 2765.
39
Calculate the remainder when 2118 is divided by 1051.
16
What is the remainder when 183014 is divided by 415?
414
What is the remainder when 4058153 is divided by 16?
9
What is the remainder when 12885584 is divided by 251?
248
Calculate the remainder when 51255 is divided by 1385.
10
What is the remainder when 28649 is divided by 109?
91
Calculate the remainder when 3000 is divided by 159.
138
Calculate the remainder when 2333 is divided by 1611.
722
Calculate the remainder when 3944 is divided by 380.
144
Calculate the remainder when 75507 is divided by 153.
78
What is the remainder when 15812 is divided by 71?
50
Calculate the remainder when 984 is divided by 490.
4
Calculate the remainder when 24701 is divided by 179.
178
What is the remainder when 8948 is divided by 145?
103
What is the remainder when 808 is divided by 519?
289
Calculate the remainder when 2495 is divided by 572.
207
What is the remainder when 15237 is divided by 121?
112
What is the remainder when 13604 is divided by 6790?
24
What is the remainder when 8675 is divided by 9?
8
Calculate the remainder when 175726 is divided by 920.
6
What is the remainder when 785 is divided by 528?
257
Calculate the remainder when 1562 is divided by 74.
8
What is the remainder when 5022 is divided by 576?
414
What is the remainder when 3904 is divided by 277?
26
What is the remainder when 29141 is divided by 245?
231
Calculate the remainder when 1034016 is divided by 485.
481
Calculate the remainder when 11265 is divided by 1126.
5
Calculate the remainder when 11969 is divided by 3961.
86
What is the remainder when 656 is divided by 450?
206
What is the remainder when 23785 is divided by 61?
56
Calculate the remainder when 7516 is divided by 198.
190
Calculate the remainder when 1864 is divided by 343.
149
Calculate the remainder when 1981 is divided by 91.
70
Calculate the remainder when 63050 is divided by 66.
20
What is the remainder when 1097 is divided by 1004?
93
Calculate the remainder when 19327 is divided by 6429.
40
What is the remainder when 11428 is divided by 359?
299
Calculate the remainder when 2456 is divided by 451.
201
What is the remainder when 4785 is divided by 414?
231
Calculate the remainder when 150377 is divided by 206.
203
What is the remainder when 3951 is divided by 3948?
3
What is the remainder when 6443 is divided by 574?
129
Calculate the remainder when 29412 is divided by 159.
156
Calculate the remainder when 44661 is divided by 164.
53
What is the remainder when 24784 is divided by 100?
84
Calculate the remainder when 2590137 is divided by 31.
25
Calculate the remainder when 340 is divided by 200.
140
What is the remainder when 3871 is divided by 216?
199
What is the remainder when 11260 is divided by 36?
28
Calculate the remainder when 14471 is divided by 153.
89
What is the remainder when 33870 is divided by 3381?
60
What is the remainder when 11742 is divided by 2348?
2
What is the remainder when 832 is divided by 242?
106
Calculate the remainder when 137682 is divided by 34407.
54
Calculate the remainder when 45953 is divided by 138.
137
What is the remainder when 13481 is divided by 14?
13
Calculate the remainder when 5550 is divided by 1104.
30
What is the remainder when 806 is divided by 198?
14
Calculate the remainder when 54250 is divided by 9.
7
Calculate the remainder when 77582 is divided by 33.
32
What is the remainder when 10711 is divided by 47?
42
Calculate the remainder when 2993 is divided by 466.
197
What is the remainder when 282 is divided by 151?
131
What is the remainder when 29889 is divided by 9960?
9
What is the remainder when 9347 is divided by 3042?
221
What is the remainder when 6415 is divided by 79?
16
What is the remainder when 108406 is divided by 370?
366
Calculate the remainder when 365 is divided by 186.
179
Calculate the remainder when 749 is divided by 484.
265
Calculate the remainder when 269 is divided by 225.
44
What is the remainder when 830 is divided by 488?
342
Calculate the remainder when 3181 is divided by 102.
19
What is the remainder when 99105 is divided by 30?
15
What is the remainder when 654 is divided by 30?
24
What is the remainder when 981 is divided by 208?
149
Calculate the remainder when 3263 is divided by 3229.
34
Calculate the remainder when 142395 is divided by 204.
3
What is the remainder when 2957 is divided by 777?
626
What is the remainder when 113880 is divided by 231?
228
Calculate the remainder when 32305 is divided by 6450.
55
Calculate the remainder when 110652 is divided by 364.
360
Calculate the remainder when 98481 is divided by 1132.
1129
Calculate the remainder when 86978 is divided by 43488.
2
What is the remainder when 6020 is divided by 459?
53
What is the remainder when 2024 is divided by 187?
154
What is the remainder when 4112 is divided by 4088?
24
Calculate the remainder when 3072 is divided by 710.
232
Calculate the remainder when 65967 is divided by 193.
154
What is the remainder when 229480 is divided by 1254?
1252
What is the remainder when 509037 is divided by 1004?
9
What is the remainder when 311814 is divided by 51965?
24
What is the remainder when 33305 is divided by 182?
181
What is the remainder when 135025 is divided by 210?
205
Calculate the remainder when 178880 is divided by 17881.
70
What is the remainder when 55363 is divided by 7892?
119
Calculate the remainder when 19918 is divided by 30.
28
What is the remainder when 43379 is divided by 1017?
665
Calculate the remainder when 2061546 is divided by 10.
6
Calculate the remainder when 86850 is divided by 201.
18
What is the remainder when 11702 is divided by 3879?
65
Calculate the remainder when 20185 is divided by 49.
46
What is the remainder when 61827 is divided by 30863?
101
Calculate the remainder when 17767 is divided by 5.
2
What is the remainder when 12143 is divided by 936?
911
Calculate the remainder when 17881 is divided by 89.
81
Calculate the remainder when 1441 is divided by 28.
13
Calculate the remainder when 16598 is divided by 31.
13
Calculate the remainder when 1155 is divided by 276.
51
What is the remainder when 544 is divided by 220?
104
What is the remainder when 828 is divided by 248?
84
What is the remainder when 57359 is divided by 1335?
1289
Calculate the remainder when 45223 is divided by 266.
3
What is the remainder when 113663 is divided by 353?
350
Calculate the remainder when 19154 is divided by 1060.
74
What is the remainder when 97243 is divided by 10802?
25
What is the remainder when 253951 is divided by 41?
38
What is the remainder when 1023837 is divided by 240?
237
Calculate the remainder when 724085 is divided by 759.
758
Calculate the remainder when 4359 is divided by 186.
81
What is the remainder when 88387 is divided by 826?
5
Calculate the remainder when 11650 is divided by 4.
2
Calculate the remainder when 238 is divided by 65.
43
What is the remainder when 101824 is divided by 4628?
8
Calculate the remainder when 39379 is divided by 24.
19
Calculate the remainder when 38571 is divided by 12851.
18
What is the remainder when 26747 is divided by 742?
35
Calculate the remainder when 2389 is divided by 240.
229
What is the remainder when 2210 is divided by 285?
215
What is the remainder when 1319901 is divided by 72?
69
Calculate the remainder when 4660 is divided by 518.
516
What is the remainder when 269 is divided by 136?
133
Calculate the remainder when 1323636 is divided by 17.
16
What is the remainder when 2534 is divided by 93?
23
What is the remainder when 17706 is divided by 339?
78
Calculate the remainder when 292 is divided by 59.
56
Calculate the remainder when 27522 is divided by 296.
290
Calculate the remainder when 60402 is divided by 507.
69
What is the remainder when 627 is divided by 338?
2